when (-222)/(-7) - 2/(-7) is divided by 7.
4
Let t = -121 - -232. Let c = t - 38. What is the remainder when c is divided by 19?
16
Let u = 5 + 36. Suppose h - 2*q = -0*h + 3, -5*h - 3*q + u = 0. Calculate the remainder when -1*(2 + -19 + -2) is divided by h.
5
Let x(h) = h**2 - 6*h + 1. Suppose -3*n - 2*n + 35 = 0. Suppose 0 = -3*q + 7*q - 12. What is the remainder when x(n) is divided by q?
2
Calculate the remainder when 57 is divided by (-244)/(-16) + 4/(-16).
12
Let v(i) = 15*i - 2. What is the remainder when 37 is divided by v(1)?
11
Suppose 2*c = c + 7. Calculate the remainder when 10 is divided by c.
3
Calculate the remainder when 19 - (-4 + 4 + 2) is divided by 3.
2
Let g(x) = -x**3 + x**2 + 9. Let h be g(0). Suppose -2*t - t = -h. Calculate the remainder when 6 is divided by t.
0
Suppose -76 = 5*g - 226. Suppose -3*i = -5*i + 12. What is the remainder when i is divided by g/(-9)*12/(-10)?
2
Suppose -2*g + 12 = 2*g. Suppose -g*r + 31 = d, -42 = -2*d - 2*r - 0*r. Calculate the remainder when 45 is divided by d.
13
Suppose 0 = 5*u - 3*u - 6. Calculate the remainder when (1/2)/(u/168) is divided by 15.
13
Suppose 2*w - 6*w = 4*l + 32, -8 = 4*w. Let i(z) = z**3 + 7*z**2 + 5*z + 4. What is the remainder when 17 is divided by i(l)?
7
Let z(m) = -m**3 + 9*m**2 + m + 10. Calculate the remainder when z(9) is divided by 11.
8
Suppose -t + 21 = 6. Suppose 5*f = -31 + 161. Let v = f - -2. What is the remainder when v is divided by t?
13
Let a(j) = j + 2. Let i be a(0). Suppose v + 4*l + 20 = 3*v, -i*v = -l - 32. Calculate the remainder when ((-15)/(-10))/((7/46)/7) is divided by v.
15
Let i be (9/6 - 2)*-10. Suppose w - 23 = -k + i*k, -5*w - k + 136 = 0. What is the remainder when w is divided by 10?
7
Suppose 110 = 6*w + 20. What is the remainder when 29 is divided by w?
14
Suppose -4*v + 10 = -2*v. Suppose -5*l + 4*l - v*t = -30, 0 = -l - t + 10. Suppose l*i + 0*i = 140. What is the remainder when i is divided by 15?
13
Suppose 0*y = 5*y + 40. What is the remainder when 27 is divided by ((-20)/y)/((-1)/(-6))?
12
Let u(b) = -b**2 - b + 44. Let y = 3 + 20. Calculate the remainder when u(0) is divided by y.
21
Let t(j) = j - 1. Let z be t(4). Let d be 25/z - 3/9. Suppose -3*u - d = -7*u. Calculate the remainder when 3 is divided by u.
1
Let r(p) = 5*p**2 - 4*p - 6. Suppose -2*g - 4*a = -5*a - 45, -4*g + 91 = -a. Calculate the remainder when r(-4) is divided by g.
21
Let z(t) = -t**3 - 7*t**2 - t + 9. What is the remainder when 47 is divided by z(-7)?
15
Suppose 3*v + 0*v + 4*w = -21, 4*v - 4*w = -28. Let r = -3 - v. Calculate the remainder when 13 is divided by r.
1
Calculate the remainder when 5 is divided by (-2 - 8/(-10))/((-12)/40).
1
Suppose 2*x + 17 = -4*l + 51, -5*x - 5*l = -70. What is the remainder when x is divided by 6?
5
Let f = 2 + 6. Suppose 2*i = 3*c - 231, 3*c - 229 = 2*i + 2*c. Calculate the remainder when f is divided by (-20)/110 - i/22.
3
Let n = -9 - -16. What is the remainder when 45 is divided by n/(-1)*36/(-21)?
9
Let w(c) = c**2 - 13*c - 7. Calculate the remainder when w(14) is divided by 2.
1
Let o = -34 - -58. What is the remainder when o is divided by 6*(-3)/(-2)*1?
6
Let l = -15 - -19. What is the remainder when 7 is divided by l?
3
Suppose 2*i - f = 12, -f - 4 = i + f. What is the remainder when 10 is divided by i?
2
Let v(s) = 5*s**2 - 12*s - 1. Calculate the remainder when 216 is divided by v(4).
30
Calculate the remainder when 118 is divided by ((-13)/(-26))/(2/44).
8
Let o = -22 + 45. What is the remainder when 43 is divided by o?
20
Suppose 0 = 2*u - 2*y - 12, u - 2 = 2*y - 0. What is the remainder when (-114)/(-4) - 2/(-4) is divided by u?
9
Let v be (-1 + 3)/(-2)*-5. Suppose -4*z = -v*z + 28. Suppose -3*l - s + 48 = -0*s, -4*l - s + 63 = 0. Calculate the remainder when z is divided by l.
13
Suppose -2 = 5*t - 42. Calculate the remainder when 46 is divided by t.
6
Suppose g + 1 = -4*s, s = -2*g - 1 + 13. Calculate the remainder when 16 - g - (1 + 1) is divided by 3.
1
What is the remainder when 19 is divided by (9 - 6)*(-11)/(-3)?
8
Let w = -4 + 11. Let m be 2/w - 360/35. What is the remainder when 34 is divided by (16/m)/((-2)/15)?
10
Let w = 4 - 2. Let a(f) be the third derivative of f**4/6 + f**3/6 - 2*f**2. Calculate the remainder when 17 is divided by a(w).
8
Suppose -k = -2, 0 = 4*g - 5*g + 3*k + 146. Calculate the remainder when g is divided by 22.
20
Suppose 959 = 13*v - 29. Calculate the remainder when v is divided by 16.
12
Let h = -103 + 149. Let x = -4 + 9. Suppose -x = 2*v - 37. Calculate the remainder when h is divided by v.
14
Let k = -7 + 17. Suppose o + k = 6*o. What is the remainder when 4 is divided by o?
0
Suppose b - 119 = 2*f, 5*f - f = -20. What is the remainder when b is divided by 22?
21
Let f(u) = -u + 10. Let p be f(11). What is the remainder when 2 - (3 + p) - -3 is divided by 3?
0
Let v be 1750/18 - (-2)/(-9). Suppose 2*a + 4*y + 13 = 55, 5*a = -2*y + v. What is the remainder when 56 is divided by a?
18
Suppose -4*l = -5*l - 4*z - 48, 5*l = 3*z - 240. Calculate the remainder when (l/9)/(2/(-3)) is divided by 5.
3
Suppose z = 4, 6*z - z = 3*c + 17. Let u(k) = 14*k**3 + k**2. Calculate the remainder when u(c) is divided by 8.
7
Let u(v) = v - 1. Let d be u(6). Suppose -2*z - d = 3*r, 8 = -2*z - 3*r - r. Calculate the remainder when 2 is divided by z.
0
Suppose -3*u + 12 = -21. Calculate the remainder when 21 is divided by u.
10
Let c(f) be the second derivative of -f**5/20 + 5*f**4/12 + 5*f**3/6 + 4*f**2 + f. Calculate the remainder when c(5) is divided by 12.
9
Calculate the remainder when 12 is divided by (9/(-3))/(2 + (-19)/8).
4
Let l be -1 - -2 - 0 - 5. Suppose -2*b - 3 = p, -2*p + 0*p = -5*b - 21. Calculate the remainder when 34 is divided by p/(0 + (-1)/l).
10
Suppose h = n - 0*n, -3*n = -4*h. Calculate the remainder when 19 is divided by 9 + 4/(-2) + n.
5
Let s = 20 + -14. Suppose 0 = -s*b + 5*b + 30. What is the remainder when b is divided by 16?
14
Let k = 103 + -57. Let s = k + -17. Calculate the remainder when s is divided by 10.
9
Suppose -4*m + 0*m - d + 8 = 0, 17 = -m - 5*d. Suppose -t - 37 = -3*y, -y + m*t = -6 - 1. Calculate the remainder when 37 is divided by y.
11
Suppose z = 2, 2*x = -2*z + z + 20. What is the remainder when 33 is divided by x?
6
Let p(u) = -u**3 + 9*u**2 - 11*u + 10. Let c be p(8). Calculate the remainder when 39 is divided by -2*c/8*4.
11
Suppose -3*c - 633 + 165 = 0. What is the remainder when (-1)/(2 - (-316)/c) is divided by 10?
9
Suppose 4*l - 35 = 73. What is the remainder when l is divided by 6?
3
Let t = 4 + -5. Let u be -1*195/3*t. Let o = u - 41. Calculate the remainder when o is divided by 13.
11
Suppose 2*a - 64 = 32. What is the remainder when a is divided by 10?
8
Suppose -3*r + 66 = q, -3*r + 3*q + 110 - 44 = 0. What is the remainder when r is divided by 12?
10
Suppose -2*v + k + 42 = -45, -186 = -4*v - 2*k. What is the remainder when v is divided by 12?
9
Let h(d) = d**3 - 13*d**2 + 3*d + 15. Calculate the remainder when h(13) is divided by 8.
6
Suppose -2*t + 27 = j, 0 = 5*t + j + 2*j - 65. Let r(y) = 62*y**3. What is the remainder when r(1) is divided by t?
14
Let h(n) = 2*n**3 + n**2 + n - 1. Suppose 4*s - 48 = -0*s. What is the remainder when h(2) is divided by s?
9
Calculate the remainder when 65 is divided by (2 - (-5)/(-1)) + 1 - -24.
21
Suppose -6*i + 8*i = 32. What is the remainder when 63 is divided by i?
15
Calculate the remainder when 7 is divided by (4/5)/((-6)/(-15)).
1
Let l(h) = 12*h**2 + 5*h + 7. Calculate the remainder when l(-4) is divided by 30.
29
Let x(v) = 6*v - 8. Let o(f) = 5*f - 3. Let y be o(2). Suppose 0 = b + 5*p - 37, 41 = 3*b - 2*p + 3*p. What is the remainder when x(y) is divided by b?
10
Let v be ((-10)/1)/((-1)/4). Let t be ((-6)/4)/((-15)/v). Suppose 0 = 2*r - t*r + 10. Calculate the remainder when 14 is divided by r.
4
Let i = 4 - -1. Suppose b + 4*m - 34 = 0, -i*m + 30 + 51 = 4*b. Let y(t) = 3*t**3 + 2*t**2 - 4*t + 3. What is the remainder when y(2) is divided by b?
13
Let i = 279 + -117. Suppose -3*u - 30 + i = 0. Calculate the remainder when u is divided by 23.
21
Suppose 105 = -2*p - 3*p. Suppose 58 = 5*c - 2*o, -13 = -4*c - 3*o + 38. Calculate the remainder when c is divided by (4/6)/((-2